the tens digit of k(12)?
1
Suppose 3*o - 6 + 0 = 0, 14714 = 5*z + 2*o. What is the thousands digit of z?
2
Let t(s) = -s**2 + 43*s + 153. What is the units digit of t(42)?
5
Suppose 16 + 2 = 3*m. Let s(r) = m + r**2 - 1 + 11*r - 2*r**2 + r. What is the tens digit of s(10)?
2
Suppose 3*h + 2*h - 20 = 0. Suppose -w + h = -1. Suppose 63 = 5*y + j, w*j + 34 = 2*y + j. What is the units digit of y?
3
What is the hundreds digit of ((-27)/(-6) - 4)*0 - -707?
7
Let l(h) = 174*h**2 + 3*h + 3. Let r be l(-1). Suppose 5*n = -r + 544. What is the tens digit of n?
7
Suppose -6*d + 4*d + 3*b = -13, -2*b - 4 = d. Suppose a + z - 1 + 3 = 0, -a + d*z - 14 = 0. Let k = a + 14. What is the units digit of k?
8
Let z(m) = -m**3 - m**2 + 4*m - 5. Let j be z(-4). Let v be 2 - (-5 + 1 - 8). Let y = j - v. What is the tens digit of y?
1
Let n(d) = -3*d + 3. Suppose -3*o + 2*o = 6. Let y(x) = -2*x - 15. Let p be y(o). What is the units digit of n(p)?
2
Let o(q) be the third derivative of -1/24*q**4 - 1/120*q**6 + 0*q - 3*q**2 + 0 + 3/2*q**3 - 7/60*q**5. What is the units digit of o(-8)?
1
Let c = 269 - -5. What is the hundreds digit of c?
2
Suppose 0 = -12*k - 10 - 2. Let f(s) = 4*s + 5. What is the units digit of f(k)?
1
Suppose 13*c = -920 + 6536. What is the tens digit of c?
3
What is the units digit of (-4)/(-12)*(-7)/((-35)/8205)?
7
Let m(y) be the second derivative of -y**3/3 + 3*y**2 + 2*y. Let d(n) = -n + 5. Let r(u) = 4*d(u) - 3*m(u). What is the units digit of r(4)?
0
Suppose 6*q - 8*q = 6. What is the tens digit of (-9)/(-6)*(-82)/9*q?
4
Let z(y) = -4*y. Let j(q) = -35*q. Let f(o) = -3*j(o) + 28*z(o). Let p be f(-2). Suppose -4*w + p + 26 = 0. What is the units digit of w?
0
Let s = 668 + -232. Suppose 5*q = q + s. What is the tens digit of q?
0
Suppose -5*m + 3*n + 2 = -1, -n - 1 = 0. Suppose m = -5*i - 2*i + 56. What is the units digit of i?
8
Let t be (-4)/(-6) + (-57)/(-9). Let v = -5 + t. Suppose 3*i = -0*i + 5*w + 50, v*w + 115 = 5*i. What is the units digit of i?
5
Let t be 4 + 9 + 2 + -1 + -2. Suppose -3*u - 1953 = -t*u. What is the units digit of u?
7
Suppose 2*g = 3*x - 142, 0*x + 4*g = x - 44. Suppose -3*n + 5*y = 2*n - 415, 0 = 5*n - 2*y - 421. Let a = n - x. What is the units digit of a?
7
Let x = 8 + -8. Suppose -2*t + x*t = -88. Suppose 4*a - t = -0. What is the tens digit of a?
1
What is the units digit of (-3 - -2) + -93*(-87)/9?
8
Suppose -388 - 1156 = 8*j. Let b = 11 - j. What is the hundreds digit of b?
2
Suppose -1 = 3*p + 5. Let c(f) = 8*f**2 - f. Let k be c(p). Suppose 3*o - k = -5*u, 5*u - 4*o = 4*u - 7. What is the units digit of u?
5
What is the units digit of -7*(-3)/21*(-4383)/(-3)?
1
Let p be (-50)/(-2) - 6/(-2). Suppose -56 - 10 = -2*w + 4*l, -w = -l - p. Let a = 44 - w. What is the tens digit of a?
2
Let x(i) = 149*i - 3. Suppose 5*t + 0*t + 7 = 4*b, 0 = 2*t - b + 1. What is the units digit of x(t)?
6
Suppose -9 = -3*r, -2*r - 1750 = -7*o + 3*o. What is the hundreds digit of o?
4
Let c be (1 - 4/(-8))/((-2)/(-264)). Suppose 5*v = 11*v - c. What is the tens digit of v?
3
Let l(p) = -p**2 - 3*p + 12. Let y be l(-5). Suppose -1104 = y*x - 14*x. What is the tens digit of x?
9
Suppose -15 + 0 = -3*o. Suppose -69 = -3*c + 3*l, -o*c + l - 25 = -6*c. What is the units digit of c?
4
Suppose -232 = -3*v + 182. Let h = -51 + v. What is the units digit of h?
7
Let g = -575 - -699. What is the tens digit of g?
2
Suppose 3*b + 0*i + i = 6, 4*i = 5*b - 10. Let p = b + 3. Let g(q) = q**3 - 4*q**2 + 9*q + 1. What is the tens digit of g(p)?
7
Let c(w) = -w**3 - w**2 + 6*w + 54. What is the hundreds digit of c(-5)?
1
Let k = -30 - -34. Suppose -h + 305 = 5*z, 4*z - k*h - h - 244 = 0. What is the units digit of z?
1
Suppose -2*q + 893 = 3*a, -5*q = 5*a - 2*a - 2210. What is the tens digit of q?
3
Let a(s) = 3*s - 5. Let d be a(5). Suppose 0 = -f - d + 4. What is the units digit of (112/24)/((-2)/f)?
4
Suppose -20 = -4*t - 4*o, 3*o + 2*o - 20 = 0. Suppose -3*c = -t + 7. What is the tens digit of (-44)/c + 2/2?
2
Let f be -3 - 1/((-1)/12). Suppose -5*r - 8 = -f*r. Suppose 0 = -0*j + 2*j - 5*h - 64, 58 = r*j - 2*h. What is the tens digit of j?
2
Let g(y) = 101*y - 24. Let j be g(6). Suppose 3*b - 3*h = j, -1005 = -b - 4*b - 2*h. What is the hundreds digit of b?
1
Let y(t) = -3*t - 4. Let x be y(-1). What is the units digit of 16/24*(82 + x)?
4
Let r(w) = 3*w**2 - 9*w - 22. What is the tens digit of r(6)?
3
Let z = 41 - 40. What is the units digit of (-3 - (-1)/z)*2/(-4)?
1
Let a(l) = -5*l - 3. Let d be a(-1). What is the units digit of d/(-11) - (468/(-66))/6?
1
Suppose -4*s + 82 = 14. Let h = s + -11. Suppose -h*o + 3*o + 57 = 0. What is the tens digit of o?
1
Suppose -76 = -6*s - 22. Suppose -4*t + s + 23 = -b, -3*t = 4*b - 43. Suppose -u - t = -25. What is the units digit of u?
6
Suppose -42 = -5*s - 0*o - 2*o, -4*s + 29 = -3*o. Let f(w) = -w**3 + 8*w**2 + 5*w + 15. What is the tens digit of f(s)?
5
Suppose 5*m - 130 = -4*o + 126, 5*m - 265 = 5*o. Suppose 0 = 4*k - 0*k - m. What is the units digit of k?
3
Suppose -829 = 40*j - 41*j. What is the tens digit of j?
2
Let p = -2142 + 3108. What is the hundreds digit of p?
9
Let a(c) = 3*c**2 - 4*c + 1. Let v be a(1). Suppose -o = -v*o - 15. Suppose k = -y + o, 2*k = -2*y - k + 27. What is the tens digit of y?
1
Let z(h) be the second derivative of h**4/3 - 2*h**3 + 5*h**2/2 + 7*h. What is the tens digit of z(5)?
4
Let r be (-2)/6 - (-1)/3. Let h(b) = -b + 84. Let k(s) = -28. Let x(n) = -2*h(n) - 7*k(n). What is the tens digit of x(r)?
2
Suppose 2*d + 21 = 5*q, -q - 5*d - 3 = -3*d. Suppose z - 78 = 5*r, -5*z + q*r + 348 = -r. What is the units digit of z?
8
Let h(b) = 70*b**3 + b. What is the units digit of h(2)?
2
Let x(g) = g + 16. Let z be x(-21). Let i(o) = o - 4. Let k be i(5). Let j = k - z. What is the units digit of j?
6
What is the hundreds digit of (-2000)/(-6) + (-1)/3 + 0?
3
Let y be 6/33 - 48/22. Let d be (-9)/(9/y) + 6. What is the units digit of (-450)/(-8) - (-6)/d?
7
Suppose -d = -3*w - 1, 83*w = 5*d + 88*w - 5. What is the units digit of d?
1
Let t = 7144 + -1676. What is the units digit of t?
8
Let i(r) = 2*r**2 - 3*r + 2. Let x be i(2). Let s = -4 + x. Suppose -25 = -y - s. What is the units digit of y?
5
Let s = 8 - 3. Suppose 124 = 4*d - s*p, 0*p + 4*p = 3*d - 94. What is the units digit of d?
6
Let z = 88 + 81. Suppose 3*m + 3*j = -2*j + 234, -2*m = -j - z. What is the tens digit of m?
8
Let y(j) = j**3 - 12*j**2 - 13*j. Let g be y(13). Let b be g - (1 + -31 + -2). Let x = b - 20. What is the tens digit of x?
1
Suppose -15*n + 21 = -8*n. Let q = 0 + 4. Suppose -n*j - 4*p = -17, -p - q*p = 4*j - 22. What is the units digit of j?
3
Let f = -30 - -35. Suppose 5*j - 26 = -1, 2*g = f*j + 447. Suppose -v - g = -5*v. What is the tens digit of v?
5
Suppose 18*a - 21*a = -1017. What is the tens digit of a?
3
Suppose -3*c = -4*j + 15345, 4*j - 6*j + 2*c = -7672. What is the units digit of j?
7
Suppose 3*o = 0, -l = -3*o - 165 - 37. What is the tens digit of l?
0
Suppose -4*w + 197 + 47 = 0. Let j be (14/4)/(2/20). Let b = w - j. What is the tens digit of b?
2
Let q be (3/(-9))/(3/81). Let g = q + -28. Let t = -16 - g. What is the tens digit of t?
2
Suppose 5*j + 3*c = 9, 5*j - c - 3 = -2*c. Suppose -u + 153 = -j*u. What is the tens digit of u?
5
Suppose -5*b = -1273 - 4207. Suppose b = 7*s + s. What is the units digit of s?
7
Let f(v) = 4*v**2 - 9*v**2 + 7*v + 7 + 4*v**2. Suppose -3*x + x + 12 = 0. What is the units digit of f(x)?
3
Suppose 2*p - 58 = -b, -3*p + 120 = p + 4*b. What is the tens digit of 51 - 7/(p/(-8))?
5
What is the units digit of ((-105)/(-140))/(3/4) - -62?
3
Let i = 26 - 9. Let t(v) = v**2 + v + 3. Let m be t(-3). Let g = i - m. What is the units digit of g?
8
What is the tens digit of 8600/23 - 40/(-460)?
7
Let j(k) = -k**3 - 10*k**2 + 29*k + 8. What is the tens digit of j(-13)?
3
Let z(c) = 123*c + 127. What is the hundreds digit of z(7)?
9
Let p be 0*((-4)/12)/1. Suppose t + p = 5. Suppose 95 = -0*y + t*y. What is the tens digit of y?
1
Let a(d) be the second derivative of -5*d**3/6 + 6*d. Let q be a(4). Let p = q - -71. What is the units digit of p?
1
Suppose -55 = -5*n + 5. Let b be (-4)/(-18) + 29/(-9). What is the units digit of n + b*(-2 + 3)?
9
Let m be (-5